+ q + 18 - 2. What is the units digit of h(i)?
8
Let d(y) = y**2 + 3*y - 1. What is the units digit of d(2)?
9
Let k = 240 + -171. Let b be k/(-12) - 1/4. Let i(j) = j**2 + 5*j + 3. What is the units digit of i(b)?
9
Suppose -337 = -3*v + 5*y, 5*v - 5*y - 95 = 470. What is the tens digit of v?
1
Let p(a) = -2*a**3 - 8*a**2 + 10*a - 1. What is the hundreds digit of p(-7)?
2
Suppose 4 + 111 = 5*s. Let i = s + -13. What is the tens digit of i?
1
Let x(u) be the third derivative of -u**4/3 - u**3/6 - 3*u**2. What is the units digit of x(-3)?
3
Let x(d) = d. Let w be 4/(-10) + (-4)/(-10). Suppose w = 5*i - 4*k - 30, -2*i + 6*i - 24 = 3*k. What is the units digit of x(i)?
6
What is the tens digit of 6141/92 + (-6)/8?
6
Let n(t) be the third derivative of -t**5/60 + t**4/4 + 2*t**3/3 - 2*t**2. Suppose 4*s + 5*u = s + 10, -4*s - 5*u + 15 = 0. What is the units digit of n(s)?
9
Let q(t) be the first derivative of 2*t**3/3 - 3*t**2/2 + t - 2. Let l be q(2). What is the units digit of l/(-12) - 26/(-8)?
3
Let m be -2 + 15/(-9)*-3. Suppose -6*q - 3*w = -3*q - 21, -11 = -m*q - w. What is the units digit of q?
2
Suppose p - 60 - 5 = 0. What is the units digit of p?
5
Suppose -4*l = 4, -5*p + 4*l + 6 + 8 = 0. Suppose -3*v - p*r + 107 = 0, -v + 0*r + 37 = 2*r. What is the tens digit of v?
3
Let p(g) = g**2 + 4*g. Let u be p(-4). Suppose u = 5*h - 14 - 6. Suppose 2*x + 25 = 3*w - 12, -w = h*x + 11. What is the units digit of w?
9
Suppose 3*v - 33 = 3*q, -q - 10 = q. Suppose 30 = -d + v*d. Suppose -2*u - 4 = 0, u - d*u + 11 = 3*t. What is the units digit of t?
7
Let x be -2 - (0 + 9*-3). Let a = -43 + 61. Let l = x - a. What is the units digit of l?
7
Let k(s) = s**3 + 11*s**2 - 13. What is the units digit of k(-10)?
7
Suppose 5*c + 4*v - 43 = 0, -3*c + 17 = -2*v - 0*v. Let b = 8 - 5. Let t = c - b. What is the units digit of t?
4
Suppose 0 = 30*t - 31*t + 185. What is the units digit of t?
5
Let m(o) = -o**3 + 2*o - 1. Let h be m(5). What is the units digit of (h/10)/((-2)/5)?
9
Let q be 1*9/(-3)*2. Let j = q - -8. What is the units digit of j?
2
Suppose -14 = 3*k - g + 9, -4*k + 2*g = 32. Let i = k - -12. Suppose -l + 0*l = -i. What is the units digit of l?
5
Suppose 0 = -z + 38 + 18. What is the units digit of z?
6
Let c(u) be the second derivative of u**4/6 - 11*u**3/6 + 9*u**2/2 + u. Let y be c(8). Suppose 2*w + 3*a - 2*a = 41, 3*w - y = a. What is the units digit of w?
8
Let d = 5 + -8. Let p be d*(3 - (-20)/(-6)). What is the units digit of 0 - p/(3/(-6))?
2
Let h(r) = -9*r**3 + r**2. Let m be h(-1). Let n be m/(-25) - (-34)/10. What is the units digit of 5 - (3 - (n + -2))?
3
Let s(t) = t - 2. Let u be s(2). Suppose u*o = 2*o - 28. What is the units digit of o/2 + (-6 - -3)?
4
Suppose q + q = -4*w + 698, -w - 2*q + 182 = 0. Suppose 3*s - w = -52. What is the units digit of (-16)/s + (-94)/(-10)?
9
Let k be (7 - -1)/(10/(-20)). What is the units digit of (-24)/k*4/3?
2
Let d(b) = -4*b + 53. What is the units digit of d(-15)?
3
Let m = 14 - 10. What is the units digit of (18/m)/((-7)/(-14))?
9
Suppose t = -3*m + 8, -2*m - m + 2*t = -2. Let r be (-1)/(-2) - (-52)/(-8). What is the units digit of m/(-6) - 8/r?
1
Suppose -3*r = 7 + 8. What is the units digit of 2/r - 284/(-10)?
8
Let l = -14 - -51. What is the tens digit of l?
3
Let v be ((-4)/10)/((-1)/10). What is the tens digit of (-13)/((-2)/v*1)?
2
Suppose 3991 = 19*c - 6*c. What is the hundreds digit of c?
3
Let i(o) = o**3 - 8*o**2 + 10*o - 1. Suppose -4*z - 40 = -4*l, -l + 5 = -2*z - 8. What is the units digit of i(l)?
0
Suppose -c + 0*w + 11 = 4*w, 5*w = 4*c - 2. Let v(m) = 3*m. What is the units digit of v(c)?
9
Suppose 2*t - t - 5*c = 27, -t - 3 = c. Let z be (-5*1*1)/(-1). Suppose -l - z = -t*l. What is the units digit of l?
5
Suppose -f + 2*q = -2*q - 151, -5*f = -4*q - 771. What is the tens digit of f?
5
Suppose -345 + 15 = 5*f. What is the units digit of f/(-14) + 6/21?
5
Let u = -81 + 148. What is the tens digit of u?
6
Let m be (-1)/5 - (-122)/10. Let r be (1/(-2))/(3/m). What is the units digit of (-7)/(-3) - r/(-6)?
2
Suppose 2*q = -3 + 1, 2 = -b + 5*q. What is the units digit of (-22)/b + 9/(-63)?
3
Let z = -15 + 1. Suppose k + 3 = n + 21, -6 = 2*k. Let a = z - n. What is the units digit of a?
7
What is the units digit of (-1)/(-1) - (-26 + 22)?
5
Suppose 2*i - 57 = 57. Suppose -7 = 2*z - i. What is the units digit of z?
5
Suppose 8 = 2*l - 2*y, -2 = -2*y + 4. What is the units digit of l?
7
Let c be 4/(-18) - 8/(-36). Suppose y - 5*y + 28 = c. What is the units digit of y?
7
Let x = -13 + 19. Let u(b) = -b**2 + 7*b + 1. What is the units digit of u(x)?
7
Suppose 0 = -3*w - 6, -4*o + 0*w = 4*w - 96. What is the tens digit of o?
2
Let k(d) = d**2 - 6. Let b(y) = -10*y**2 + 65. Let p(s) = 6*b(s) + 65*k(s). Let c(h) = h**3 + 3*h**2 + 1. Let j be c(-3). What is the units digit of p(j)?
5
Suppose -s = 4*i + 7, i = -3*s + 6 + 6. Let y = s + 1. Suppose 0 = 3*h - 2*p - 9 - 34, -h + y = p. What is the tens digit of h?
1
Let w be 4/18 + 222/(-27). Suppose -u - 5 - 6 = 0. Let f = w - u. What is the units digit of f?
3
Suppose 2*m - 108 = 116. Suppose -3*o = -4*o + 4*g + 44, 3*o - 2*g - m = 0. What is the units digit of o?
6
Let c = 0 - 3. Let i = 1 - c. What is the units digit of i?
4
Suppose 0 = i - 6 + 2. Suppose 0 = -i*w + 2*w + 2. Suppose 2 = 3*o - w. What is the units digit of o?
1
Suppose -3*w = 5*q - 11, 0*w - 16 = -2*w + q. Let t = -2 + 20. What is the units digit of t/14 + (-2)/w?
1
Let y be 9/3*1/1. Suppose y*v + 8 = 2. What is the units digit of ((-6)/(-4))/((-1)/v)?
3
Let i be (-10 - -2)/(-2 + 0). Suppose -i*b = -15 - 1. What is the units digit of b?
4
Let y = 468 - 194. What is the hundreds digit of y?
2
Let c(w) = 7*w**2 - 3*w - 7. What is the tens digit of c(-5)?
8
Let s(v) be the second derivative of v**4/6 - v**3/2 + v. Suppose -g - 4*b - 6 = 8, 4*g = -4*b - 8. What is the units digit of s(g)?
2
Let k = 177 + -38. What is the units digit of k?
9
Suppose -5*y - i = -0*i - 99, -5*y + 95 = 5*i. What is the tens digit of y?
2
Suppose 4*q - q = -2*d + 671, -4*d = 4*q - 1336. What is the hundreds digit of d?
3
Let v(w) be the third derivative of w**5/12 + w**3/6 - 2*w**2. Let r be v(1). Suppose n - 2*n = -r. What is the units digit of n?
6
Let k = 44 + 47. What is the units digit of k?
1
Let m(d) = -7*d - 20. What is the tens digit of m(-10)?
5
Suppose -3*x - x - 32 = 0. Let b = -6 - x. Suppose 0 = 3*j - 4*u - 35, b*j + 3*j - 5 = -4*u. What is the units digit of j?
5
Suppose -18 = 4*q + 38. Let h = 16 + q. What is the units digit of h?
2
Let c be ((-6)/(-4))/((-7)/(-14)). Suppose 2*w + 5*m = 40, m = c*w + 1 - 27. What is the tens digit of w?
1
What is the units digit of (2/(-6))/((-10)/1110)?
7
Let l(c) be the second derivative of c**4/2 - c**2/2 + 2*c. Let b be l(1). Suppose -4*m = -4*d + 4, -b*d + 17 + 9 = 2*m. What is the units digit of d?
4
Let d = -96 + 121. What is the units digit of d?
5
Let w = -8 - -13. Suppose w*v - 4*r + 0*r = 13, r + 7 = 2*v. Suppose -v*y + 38 = -12. What is the units digit of y?
0
Let w(i) be the second derivative of -i**5/20 + 13*i**4/12 + i**3/2 - 3*i**2 - 8*i. What is the tens digit of w(13)?
3
Suppose 4*n = 5*n - 18. What is the units digit of n?
8
Let f(l) = 2*l - 9. Let q(s) = -1 + 3*s**2 + 0 + 5*s**2. Let b be q(-1). What is the units digit of f(b)?
5
Let s be (-3626)/(-30) - (-4)/30. What is the units digit of (-24)/(-60)*(s - 1)?
8
Let p(f) be the third derivative of f**5/60 - f**4/8 + 2*f**3/3 - f**2. What is the units digit of p(5)?
4
What is the units digit of (-96)/(-2) + 2 + 2?
2
Let g(c) = -c - 5. Let q be g(-6). Suppose -2*f - 5 = -3*f. Let y = q + f. What is the units digit of y?
6
Suppose -2*c - 3*p = -p - 204, 0 = -p - 5. What is the hundreds digit of c?
1
Suppose 2*l - 3*z = -2, 4*l + 2*z - z = -4. What is the units digit of -3 + 6 - (l + -14)?
8
Let u be 24/9 - (-4)/(-6). Suppose u*j - 10 = -0*j. Suppose 44 = 3*h + h - 3*n, 5*n - 20 = -j*h. What is the units digit of h?
8
Suppose -2*j + 20 = 3*j. Suppose j*k - 24 = -2*l, 16 = 2*l + 5*k - 12. What is the units digit of l?
4
Let c be -2 + 3 - (-3 + 0). Suppose -h - c*h + 92 = 3*u, 2*u - 2*h = 56. What is the tens digit of u?
2
What is the tens digit of ((-6)/9)/((-1)/48)?
3
Suppose -5*